Give m(16).
6
Let h(l) = -16*l**3 + 178*l**2 - 19*l - 37. Give h(11).
-4
Let a(m) = 22*m**2 + 137*m + 107. Give a(-5).
-28
Let a(p) = 2*p**2 + 69*p + 535. What is a(-29)?
216
Let k(g) = -g**3 - 70*g**2 - 144*g - 583. Calculate k(-68).
-39
Let d(h) = 116*h**3 - h**2 + 8*h + 6. Calculate d(-1).
-119
Let s(z) = 12*z**2 - 50*z + 117. Give s(5).
167
Let v(r) = 47*r**3 + 4*r**2 - 2*r + 2. Determine v(1).
51
Let k(f) = 4*f**2 - 381*f + 5063. What is k(16)?
-9
Let w(f) = -8*f + 208. What is w(26)?
0
Let z(w) = 2*w**3 - 49*w**2 + 95*w + 27. Calculate z(22).
-303
Let n(l) = -l**3 - 25*l**2 + 7*l + 172. Calculate n(-25).
-3
Let j(s) = -s**3 - 28*s**2 - 21*s + 86. Calculate j(-27).
-76
Let x(l) = 5*l**3 - 186*l**2 + 34*l + 108. Calculate x(37).
-3
Let z(d) = 6*d**3 + 27*d**2 + 43*d - 21. Calculate z(-3).
-69
Let z(y) = 33*y**2 + 211*y - 2. What is z(-6)?
-80
Let g(l) = -105*l - 6622. Determine g(-63).
-7
Let t(w) = 66*w - 1569. Determine t(24).
15
Let i(y) = 1218*y + 47499. Calculate i(-39).
-3
Let g(b) = -88*b - 11263. Determine g(-128).
1
Let t(v) = -192*v + 2131. Calculate t(11).
19
Let c(d) = 4*d**3 + 12*d**2 - 3*d + 3. Determine c(-4).
-49
Let l(c) = -6*c - 83. What is l(-11)?
-17
Let d(g) = -103*g + 718. Give d(5).
203
Let t(r) = -220*r - 634. Determine t(-3).
26
Let j(o) = -95*o - 17447. Calculate j(-184).
33
Let m(f) = -5*f**2 - 114*f + 81. Determine m(-23).
58
Let i(k) = 13*k**2 + 6*k - 1. Calculate i(1).
18
Let u(s) = -23*s**2 + 5*s + 3. Calculate u(-4).
-385
Let q(h) = -2*h**2 - 91*h + 268. Determine q(-48).
28
Let t(s) = -3*s**2 + 14*s + 2. Give t(-3).
-67
Let j(g) = -2*g**2 - 21*g + 174. Determine j(-16).
-2
Let c(w) = -13*w**2 + 102*w - 163. Determine c(2).
-11
Let w(t) = 11*t**3 + 2*t**2 + 8*t + 3. What is w(-2)?
-93
Let h(r) = 10*r + 153. Determine h(-12).
33
Let h(g) = -9*g**2 + 11*g - 12. Determine h(-5).
-292
Let o(z) = z**2 - z. Determine o(-3).
12
Let l(t) = -22*t**2 - 59*t - 27. What is l(-4)?
-143
Let y(g) = 2*g**3 + 19*g**2 - 14*g + 22. Calculate y(-10).
62
Let c(o) = o**2 + 14*o - 15. Determine c(-26).
297
Let q(n) = -159*n + 2184. Give q(14).
-42
Let q(y) = 393*y - 5887. Determine q(15).
8
Let v(r) = -180*r - 1617. Determine v(-9).
3
Let q(h) = 5*h**3 - 42*h**2 + 28*h - 113. Give q(8).
-17
Let n(a) = 3*a**2 + 13*a - 27. Calculate n(-7).
29
Let b(j) = 17*j + 87. What is b(-19)?
-236
Let b(r) = -r**3 + 2114*r - 84. Give b(-46).
8
Let i(o) = o**3 - 44*o**2 - 72*o + 1210. What is i(45)?
-5
Let m(f) = 11*f - 283. Determine m(38).
135
Let z(v) = 17*v + 456. Determine z(-25).
31
Let s(o) = -o**3 - 9*o**2 - 169*o - 1515. Calculate s(-9).
6
Let r(f) = -f**3 - 2*f**2 - 3*f + 311. Calculate r(0).
311
Let f(k) = -k**3 - 21*k**2 - 28*k + 80. Give f(-19).
-110
Let r(t) = 104*t - 332. Give r(4).
84
Let a(t) = -5*t - 110. Calculate a(-16).
-30
Let g(b) = -6*b**3 + 42*b**2 + b - 9. Calculate g(7).
-2
Let k(l) = -39*l - 1473. Determine k(-38).
9
Let z(v) = v**2 + 2*v - 24. Calculate z(4).
0
Let f(o) = o**3 - 21*o**2 + 107*o - 10. What is f(12)?
-22
Let w(b) = 19*b + 250. What is w(-11)?
41
Let v(m) = 7*m + 54. Calculate v(-7).
5
Let m(p) = -37*p**2 + 341*p - 76. What is m(9)?
-4
Let n(f) = f**3 + 4*f**2 - 2*f + 11. Calculate n(-5).
-4
Let x(j) = 3*j**2 + 183*j - 19. Determine x(-60).
-199
Let d(i) = 23*i + 913. Give d(-40).
-7
Let k(r) = 19*r - 236. Give k(13).
11
Let r(k) = -7*k + 444. Calculate r(81).
-123
Let y(l) = l**3 - 27*l**2 + 55*l - 112. Determine y(25).
13
Let t(u) = 17*u**2 + 5*u + 59. What is t(-5)?
459
Let x(h) = -4*h + 4. Give x(-14).
60
Let n(q) = -121*q - 922. Calculate n(-7).
-75
Let w(a) = 2*a**2 - 21*a - 828. Calculate w(-15).
-63
Let o(a) = 57*a - 76. Give o(1).
-19
Let a(v) = -4*v**3 + 25*v**2 - 27*v + 2. Give a(6).
-124
Let p(d) = d**3 - 13*d**2 + 36*d + 17. Give p(9).
17
Let i(r) = -21*r**2 - 139*r - 17. Give i(-7).
-73
Let m(y) = y**2 + 2*y - 7. Give m(-5).
8
Let p(w) = -2*w**3 - 69*w**2 - 159*w + 31. What is p(-32)?
-1
Let i(r) = r**3 + 104*r**2 + 1184*r + 96. Determine i(-91).
5
Let s(k) = 2*k**3 + 6*k**2 - 28*k - 42. Determine s(-5).
-2
Let i(s) = 2*s + 49. Calculate i(-8).
33
Let l(a) = -a**3 + 17*a**2 + 5*a + 634. Calculate l(19).
7
Let m(c) = 2563*c - 20500. Determine m(8).
4
Let d(b) = -121*b**2 - 355*b + 21. Calculate d(-3).
-3
Let n(w) = 3*w**2 + 230*w - 37. Give n(-77).
40
Let g(l) = 3*l**3 + 7*l**2 - 41*l + 5. What is g(-5)?
10
Let a(f) = -f**2 + 33*f - 68. Determine a(31).
-6
Let v(d) = -2*d**2 + 49*d + 126. What is v(31)?
-277
Let x(n) = -4*n**2 - 1676*n + 3352. Determine x(2).
-16
Let i(z) = z**3 + 3*z**2 + 18*z - 4. Give i(-3).
-58
Let s(g) = -51*g - 78. Calculate s(-1).
-27
Let b(s) = 46*s + 422. Give b(-9).
8
Let p(s) = s**2 - 716*s + 128001. Give p(345).
6
Let m(i) = 2*i**2 + 21*i + 2. Give m(-8).
-38
Let n(s) = s**3 - 73*s**2 - 73*s - 67. Determine n(74).
7
Let p(s) = -s**3 + 35*s**2 + 95*s - 791. Calculate p(37).
-14
Let a(w) = 8*w**3 + 16*w**2 - 30*w + 15. What is a(2)?
83
Let y(w) = w**3 - 77*w**2 + 53*w + 1805. What is y(76)?
57
Let r(h) = 5*h**3 + 50*h**2 + 49*h + 2. What is r(-9)?
-34
Let k(p) = -9*p**3 - 18*p**2 + 79*p + 150. Determine k(-2).
-8
Let u(v) = 78*v - 869. Determine u(12).
67
Let d(b) = 19*b**2 + 37*b - 72. What is d(2)?
78
Let y(i) = -164*i**3 - 9*i**2 - 12*i - 4. What is y(-1)?
163
Let g(q) = -2*q**3 + q**2 + 13*q + 28. Give g(4).
-32
Let t(r) = r**3 - 136*r**2 + 131*r + 546. What is t(135)?
6
Let h(y) = y**2 + 51*y - 148. Give h(-55).
72
Let j(m) = 1294*m - 14. Calculate j(0).
-14
Let n(h) = 20*h + 185. What is n(-11)?
-35
Let g(m) = 2*m**3 + 2*m**2 - 39*m + 93. What is g(-6)?
-33
Let y(m) = 3*m**3 + 28*m**2 + 7*m - 19. What is y(-9)?
-1
Let f(m) = 1512*m - 4535. What is f(3)?
1
Let q(a) = 924*a - 4639. Give q(5).
-19
Let f(y) = -2*y**2 - 18*y - 23. Give f(-5).
17
Let t(l) = 58*l**2 - 2*l + 33. Calculate t(0).
33
Let m(n) = -2*n**3 - 2*n**2 + 14*n + 50. What is m(0)?
50
Let v(u) = u**3 - 7*u**2 + 4*u + 33. What is v(8)?
129
Let k(z) = 29*z**2 - 1773*z + 241. Determine k(61).
-3
Let p(o) = -o**3 - 12*o**2 + 63*o + 20. Determine p(-16).
36
Let p(n) = n**3 + 23*n**2 - 122*n - 387. Calculate p(-27).
-9
Let y(k) = k + 189. What is y(14)?
203
Let n(o) = -8*o**2 - 132*o + 77. Give n(-17).
9
Let h(f) = -f**3 + 33*f**2 - 41*f + 257. Give h(32).
-31
Let g(i) = -343*i - 4461. Determine g(-13).
-2
Let v(u) = u**2 - 223*u + 1505. Determine v(216).
-7
Let m(h) = 5*h**3 - 9*h**2 + 20*h - 11. Calculate m(5).
489
Let f(d) = 9*d**2 + 43*d - 30870. What is f(-61)?
-4
Let l(j) = 83*j - 108. Determine l(4).
224
Let j(m) = 1819*m - 10934. Calculate j(6).
-20
Let h(d) = d**2 + 42*d - 119. Calculate h(3).
16
Let c(q) = 2*q**2 + 250*q - 1029. What is c(4)?
3
Let s(j) = 9*j - 42. Calculate s(0).
-42
Let i(f) = f**2 - 61*f - 396. Determine i(65).
-136
Let j(y) = -y**3 - 14*y**2 - 54*y - 798. Determine j(-14).
-42
Let s(c) = -c**2 - 50*c + 597. Give s(9).
66
Let z(d) = 39*d**2 + 486*d - 361. Calculate z(-13).
-88
Let m(o) = 3*o**2 + 145*o - 88. Give m(-51).
320
Let u(l) = 232*l - 101. Give u(1).
131
Let w(m) = 25*m + 186. What is w(-11)?
-89
Let h(x) = -2*x**2 + 815*x + 4953. Determine h(-6).
-9
Let y(j) = -j**3 - 117*j**2 + 123*j + 526. Calculate y(-118).
-64
Let q(x) = -x + 98. Determine q(21).
77
Let k(l) = -l**3 + 4*l**2 + 48*l - 7. What is k(-5)?
-22
Let h(s) = s**3 + 84*s**2 + 10*s + 868. Determine h(-84).
28
Let s(u) = 82*u**2 - 5*u - 40. Determine s(3).
683
Let b(d) = 876*d - 25411. Determine b(29).
-7
Let r(h) = 3*h**2 + 176*h + 42. Calculate r(-58).
-74
Let p(q) = 5*q**2 - 34*q + 59. Determine p(2).
11
Let c(n) = -6*n**2 - 8*n + 14. Determine c(2).
-26
Let k(o) = -o**3 - 15*o**2 - 4*o - 375. Calculate k(-16).
-55
Let f(b) = 14*b + 131. Calculate f(-27).
-247
Let s(n) = -10*n + 75. What is s(6)?
15
Let r(x) = 2*x**2 + 59*x + 523. Determine r(-11).
116
Let s(l) = -l**3 - l**2 - l + 421. Calculate s(0).
421
Let u(v) = v**3 - 6*v**2 - 35*v + 352. What is u(5)?
152
Let m(c) = -14*c**3 + 11*c**2 + 15*c - 3. What is m(-2)?
123
Let p(k) = 51*k + 180. Determine p(-2).
78
Let v(n) = n**3 - 15*n**2 + 44*n - 23. What is v(11)?
-23
Let p(h) = 43*h**2 - 263*h + 15. Calculate p(6).
-15
Let j(l) = l**2 + 27*l + 26. Give j(-17).
-144
Let u(s) = 35*s - 59. Determine u(5).
116
Let y(k) = k**3 - 9*k**2 - 21*k + 13.